467?
2781
Calculate the highest common divisor of 1547 and 1271088.
91
What is the highest common factor of 1061482 and 22?
2
What is the highest common factor of 184520 and 151480?
280
What is the greatest common factor of 294 and 24937122?
42
What is the greatest common factor of 935 and 2922062?
187
What is the highest common factor of 50 and 5799724?
2
What is the highest common divisor of 24 and 9772302?
6
What is the greatest common factor of 22 and 806616448?
22
What is the greatest common factor of 143 and 1118637?
13
What is the greatest common factor of 42504 and 386331?
759
What is the highest common divisor of 7089471 and 763398?
1809
What is the greatest common factor of 113299207 and 4396?
1099
Calculate the highest common divisor of 296 and 9563353.
37
Calculate the greatest common factor of 74775 and 91575.
75
Calculate the greatest common divisor of 11913 and 22553.
19
Calculate the greatest common divisor of 2711 and 644.
1
Calculate the highest common divisor of 227838 and 514533.
69
Calculate the highest common divisor of 5204962 and 13601.
469
Calculate the highest common divisor of 114963855 and 20055.
2865
Calculate the greatest common divisor of 4533994766 and 14882.
14882
What is the greatest common factor of 1090 and 32783930?
1090
What is the greatest common divisor of 33580 and 5370?
10
What is the highest common factor of 18097365 and 154?
11
Calculate the highest common factor of 123044428 and 24388.
3484
What is the greatest common factor of 2422 and 16062358?
346
Calculate the highest common factor of 83505 and 82919.
293
Calculate the greatest common divisor of 23805 and 81585.
45
Calculate the greatest common divisor of 21688863 and 378.
21
What is the highest common divisor of 72 and 4507092?
36
What is the highest common divisor of 570 and 7672200?
570
What is the highest common factor of 8484820 and 97730?
290
What is the highest common divisor of 55356 and 5649?
21
Calculate the greatest common factor of 22 and 1236476043.
11
Calculate the highest common divisor of 18088764 and 276.
276
What is the greatest common divisor of 1068822 and 23652?
54
What is the highest common factor of 5080 and 1648714?
254
Calculate the highest common divisor of 19823 and 343914.
43
Calculate the greatest common divisor of 2041 and 78388687.
2041
What is the highest common factor of 160246425 and 200?
25
What is the greatest common factor of 1896996 and 1224?
204
Calculate the greatest common factor of 15832950 and 1972.
34
Calculate the greatest common divisor of 53168 and 16384.
16
What is the greatest common factor of 74862 and 29340?
18
Calculate the greatest common factor of 38201142 and 714.
714
Calculate the greatest common factor of 202296 and 264.
24
What is the highest common factor of 778960 and 447260?
2140
What is the greatest common factor of 11650 and 8056674?
466
What is the greatest common factor of 5477332 and 479927?
4403
Calculate the highest common divisor of 1524765 and 4631.
11
What is the highest common divisor of 36 and 12215196?
36
Calculate the greatest common factor of 29130534 and 75.
3
What is the highest common factor of 57024 and 2596?
44
What is the highest common factor of 20837 and 1312061?
67
What is the greatest common divisor of 44505 and 1729370?
115
What is the greatest common divisor of 522 and 3170997?
9
What is the greatest common factor of 1373581682 and 88?
22
Calculate the highest common divisor of 48020 and 92904.
196
What is the highest common divisor of 615 and 427058337?
123
What is the highest common divisor of 260 and 16710460?
260
What is the greatest common divisor of 69441024 and 192?
192
Calculate the highest common divisor of 102584 and 6.
2
Calculate the greatest common factor of 485 and 12077215.
5
Calculate the greatest common divisor of 1875 and 172315500.
375
Calculate the greatest common divisor of 59511 and 291102.
717
What is the greatest common factor of 4034093 and 35?
7
What is the greatest common factor of 9316 and 18460887?
137
Calculate the highest common factor of 49294 and 551339306.
7042
Calculate the greatest common divisor of 2405 and 3102931.
481
Calculate the greatest common factor of 2804392 and 11504.
8
What is the highest common factor of 1874 and 16273?
1
Calculate the highest common divisor of 56 and 187209106.
14
What is the greatest common factor of 21 and 10477481?
7
Calculate the greatest common divisor of 14905 and 40865.
55
Calculate the greatest common divisor of 2722491 and 8265.
1653
Calculate the greatest common divisor of 308790 and 1133982.
1314
What is the greatest common divisor of 43998225 and 75?
75
Calculate the highest common factor of 552434 and 410.
82
Calculate the greatest common factor of 10925 and 1497162.
437
Calculate the greatest common factor of 18688 and 3262208.
256
Calculate the highest common divisor of 66595051 and 1602.
89
Calculate the highest common divisor of 423 and 816813.
423
Calculate the highest common factor of 193103268 and 5752.
2876
Calculate the greatest common divisor of 55180422 and 1386.
198
Calculate the greatest common divisor of 1799831 and 286.
11
Calculate the highest common factor of 10348438 and 10.
2
Calculate the greatest common divisor of 10367 and 635887.
7
Calculate the greatest common factor of 181155 and 40755.
195
Calculate the greatest common factor of 170499 and 5540493.
483
Calculate the greatest common divisor of 1613590 and 710.
10
What is the highest common divisor of 626748106 and 370?
74
Calculate the highest common divisor of 16 and 393867192.
8
What is the greatest common factor of 2886431 and 5474?
23
What is the greatest common divisor of 3351908540 and 4460?
4460
What is the highest common divisor of 2800989 and 640354?
2239
Calculate the highest common divisor of 73648113 and 84.
21
What is the greatest common divisor of 9498191 and 57647?
3391
What is the greatest common divisor of 21857477 and 257414?
7571
What is the highest common factor of 3580 and 45854788?
716
What is the greatest common factor of 88163 and 133751?
131
What is the greatest common divisor of 15949219 and 3003?
143
Calculate the greatest common factor of 16764 and 3577332.
132
Calculate the greatest common factor of 400710 and 55500.
1110
What is the highest common divisor of 325 and 175953325?
25
Calculate the greatest common factor of 15847 and 40846.
13
What is the highest common divisor of 4 and 24144142?
2
Calculate the highest common divisor of 24978 and 15870.
138
What is the highest common factor of 426296836 and 84?
28
Calculate the highest common factor of 132 and 9681309.
33
What is the highest common factor of 8561 and 21574?
7
What is the highest common divisor of 601640 and 103240?
3560
Calculate the greatest common factor of 82 and 53985397.
41
What is the highest common factor of 448251520 and 100?
20
What is the highest common factor of 753779773 and 1321?
1321
Calculate the highest common factor of 668 and 170173.
167
What is the greatest common divisor of 448218 and 36?
18
Calculate the highest common factor of 1185 and 17688337.
79
What is the highest common divisor of 10142 and 73348?
22
What is the highest common factor of 3975 and 4804675?
25
What is the greatest common divisor of 60416 and 240484?
236
What is the highest common divisor of 210796 and 406236?
1396
What is the greatest common factor of 12 and 1767348?
12
Calculate the greatest common factor of 887496 and 168.
24
What is the greatest common factor of 105671440 and 686?
686
What is the greatest common divisor of 630 and 5202450?
90
What is the highest common factor of 1067469 and 2439?
813
What is the greatest common factor of 841974 and 798?
42
Calculate the greatest common factor of 15878 and 3584654.
34
Calculate the highest common divisor of 163486 and 18572770.
3802
What is the greatest common divisor of 54505822 and 14?
14
Calculate the greatest common divisor of 3640 and 104924.
4
What is the greatest common factor of 666396 and 945964?
692
Calculate the highest common factor of 3110796 and 416208.
3588
What is the highest common divisor of 34775097 and 41871?
2463
Calculate the highest common factor of 30217743 and 981.
981
Calculate the greatest common factor of 9637208 and 2912.
56
What is the 